[INFO] cloning repository https://github.com/AnickaBurova/macro-bug
[INFO] running `Command { std: "git" "-c" "credential.helper=" "-c" "credential.helper=/workspace/cargo-home/bin/git-credential-null" "clone" "--bare" "https://github.com/AnickaBurova/macro-bug" "/workspace/cache/git-repos/https%3A%2F%2Fgithub.com%2FAnickaBurova%2Fmacro-bug", kill_on_drop: false }`
[INFO] [stderr] Cloning into bare repository '/workspace/cache/git-repos/https%3A%2F%2Fgithub.com%2FAnickaBurova%2Fmacro-bug'...
[INFO] running `Command { std: "git" "rev-parse" "HEAD", kill_on_drop: false }`
[INFO] [stdout] 9e74529d97db2c1d4ceac879c8fbb5a2a41704d0
[INFO] checking AnickaBurova/macro-bug against master#af3c6e733a40e671550e0f0f5aeecaa13772ba56 for pr-74989
[INFO] running `Command { std: "git" "clone" "/workspace/cache/git-repos/https%3A%2F%2Fgithub.com%2FAnickaBurova%2Fmacro-bug" "/workspace/builds/worker-13/source", kill_on_drop: false }`
[INFO] [stderr] Cloning into '/workspace/builds/worker-13/source'...
[INFO] [stderr] done.
[INFO] validating manifest of git repo https://github.com/AnickaBurova/macro-bug on toolchain af3c6e733a40e671550e0f0f5aeecaa13772ba56
[INFO] running `Command { std: "/workspace/cargo-home/bin/cargo" "+af3c6e733a40e671550e0f0f5aeecaa13772ba56" "read-manifest" "--manifest-path" "Cargo.toml", kill_on_drop: false }`
[INFO] started tweaking git repo https://github.com/AnickaBurova/macro-bug
[INFO] finished tweaking git repo https://github.com/AnickaBurova/macro-bug
[INFO] tweaked toml for git repo https://github.com/AnickaBurova/macro-bug written to /workspace/builds/worker-13/source/Cargo.toml
[INFO] crate git repo https://github.com/AnickaBurova/macro-bug already has a lockfile, it will not be regenerated
[INFO] running `Command { std: "/workspace/cargo-home/bin/cargo" "+af3c6e733a40e671550e0f0f5aeecaa13772ba56" "fetch" "--locked" "--manifest-path" "Cargo.toml", kill_on_drop: false }`
[INFO] [stderr]     Blocking waiting for file lock on package cache
[INFO] running `Command { std: "docker" "create" "-v" "/var/lib/crater-agent-workspace/builds/worker-13/target:/opt/rustwide/target:rw,Z" "-v" "/var/lib/crater-agent-workspace/builds/worker-13/source:/opt/rustwide/workdir:ro,Z" "-v" "/var/lib/crater-agent-workspace/cargo-home:/opt/rustwide/cargo-home:ro,Z" "-v" "/var/lib/crater-agent-workspace/rustup-home:/opt/rustwide/rustup-home:ro,Z" "-e" "SOURCE_DIR=/opt/rustwide/workdir" "-e" "CARGO_TARGET_DIR=/opt/rustwide/target" "-e" "CARGO_HOME=/opt/rustwide/cargo-home" "-e" "RUSTUP_HOME=/opt/rustwide/rustup-home" "-w" "/opt/rustwide/workdir" "-m" "1610612736" "--user" "0:0" "--network" "none" "rustops/crates-build-env@sha256:d92eaeed33fa75130ca1ee6c8a01d1ffb62bac859dfdfb3450e3e5d1c0146529" "/opt/rustwide/cargo-home/bin/cargo" "+af3c6e733a40e671550e0f0f5aeecaa13772ba56" "metadata" "--no-deps" "--format-version=1", kill_on_drop: false }`
[INFO] [stdout] d02a745c88c9a6332c2b4013e4c210dabe97986c3afff8c70fdc53df746decc8
[INFO] [stderr] WARNING: Your kernel does not support swap limit capabilities or the cgroup is not mounted. Memory limited without swap.
[INFO] running `Command { std: "docker" "start" "-a" "d02a745c88c9a6332c2b4013e4c210dabe97986c3afff8c70fdc53df746decc8", kill_on_drop: false }`
[INFO] running `Command { std: "docker" "inspect" "d02a745c88c9a6332c2b4013e4c210dabe97986c3afff8c70fdc53df746decc8", kill_on_drop: false }`
[INFO] running `Command { std: "docker" "rm" "-f" "d02a745c88c9a6332c2b4013e4c210dabe97986c3afff8c70fdc53df746decc8", kill_on_drop: false }`
[INFO] [stdout] d02a745c88c9a6332c2b4013e4c210dabe97986c3afff8c70fdc53df746decc8
[INFO] running `Command { std: "docker" "create" "-v" "/var/lib/crater-agent-workspace/builds/worker-13/target:/opt/rustwide/target:rw,Z" "-v" "/var/lib/crater-agent-workspace/builds/worker-13/source:/opt/rustwide/workdir:ro,Z" "-v" "/var/lib/crater-agent-workspace/cargo-home:/opt/rustwide/cargo-home:ro,Z" "-v" "/var/lib/crater-agent-workspace/rustup-home:/opt/rustwide/rustup-home:ro,Z" "-e" "SOURCE_DIR=/opt/rustwide/workdir" "-e" "CARGO_TARGET_DIR=/opt/rustwide/target" "-e" "CARGO_INCREMENTAL=0" "-e" "RUST_BACKTRACE=full" "-e" "RUSTFLAGS=--cap-lints=forbid" "-e" "CARGO_HOME=/opt/rustwide/cargo-home" "-e" "RUSTUP_HOME=/opt/rustwide/rustup-home" "-w" "/opt/rustwide/workdir" "-m" "1610612736" "--user" "0:0" "--network" "none" "rustops/crates-build-env@sha256:d92eaeed33fa75130ca1ee6c8a01d1ffb62bac859dfdfb3450e3e5d1c0146529" "/opt/rustwide/cargo-home/bin/cargo" "+af3c6e733a40e671550e0f0f5aeecaa13772ba56" "check" "--frozen" "--all" "--all-targets" "--message-format=json", kill_on_drop: false }`
[INFO] [stdout] df2dffc286e4005f935f8552ad8576deb55a66eabc3ae551758065f5856d14af
[INFO] [stderr] WARNING: Your kernel does not support swap limit capabilities or the cgroup is not mounted. Memory limited without swap.
[INFO] running `Command { std: "docker" "start" "-a" "df2dffc286e4005f935f8552ad8576deb55a66eabc3ae551758065f5856d14af", kill_on_drop: false }`
[INFO] [stderr]    Compiling libc v0.2.48
[INFO] [stderr]     Checking cfg-if v0.1.6
[INFO] [stderr]    Compiling autocfg v0.1.2
[INFO] [stderr]     Checking rand_core v0.4.0
[INFO] [stderr]    Compiling semver-parser v0.7.0
[INFO] [stderr]     Checking lazy_static v1.2.0
[INFO] [stderr]     Checking smallvec v0.6.9
[INFO] [stderr]     Checking futures v0.1.25
[INFO] [stderr]     Checking stable_deref_trait v1.1.1
[INFO] [stderr]    Compiling byteorder v1.3.1
[INFO] [stderr]     Checking slab v0.4.2
[INFO] [stderr]    Compiling proc-macro2 v0.4.27
[INFO] [stderr]     Checking lazycell v1.2.1
[INFO] [stderr]    Compiling unicode-xid v0.1.0
[INFO] [stderr]    Compiling arrayvec v0.4.10
[INFO] [stderr]     Checking nodrop v0.1.13
[INFO] [stderr]     Checking matches v0.1.8
[INFO] [stderr]    Compiling failure_derive v0.1.5
[INFO] [stderr]     Checking rustc-demangle v0.1.13
[INFO] [stderr]     Checking percent-encoding v1.0.1
[INFO] [stderr]     Checking arc-swap v0.3.7
[INFO] [stderr]     Checking quick-error v1.2.2
[INFO] [stderr]     Checking fnv v1.0.6
[INFO] [stderr]     Checking bitflags v1.0.4
[INFO] [stderr]     Checking log v0.4.6
[INFO] [stderr]    Compiling backtrace-sys v0.1.28
[INFO] [stderr]     Checking owning_ref v0.4.0
[INFO] [stderr]     Checking lru-cache v0.1.1
[INFO] [stderr]     Checking crossbeam-utils v0.6.5
[INFO] [stderr]     Checking unicode-bidi v0.3.4
[INFO] [stderr]    Compiling semver v0.9.0
[INFO] [stderr]     Checking rand_core v0.3.1
[INFO] [stderr]     Checking rand_jitter v0.1.3
[INFO] [stderr]     Checking unicode-normalization v0.1.8
[INFO] [stderr]     Checking lock_api v0.1.5
[INFO] [stderr]     Checking rand_hc v0.1.0
[INFO] [stderr]     Checking rand_xorshift v0.1.1
[INFO] [stderr]     Checking rand_isaac v0.1.1
[INFO] [stderr]     Checking crossbeam-channel v0.3.8
[INFO] [stderr]    Compiling rand_chacha v0.1.1
[INFO] [stderr]    Compiling rand v0.6.5
[INFO] [stderr]    Compiling backtrace v0.3.13
[INFO] [stderr]    Compiling rustc_version v0.2.3
[INFO] [stderr]     Checking crossbeam-epoch v0.7.1
[INFO] [stderr]    Compiling rand_pcg v0.1.1
[INFO] [stderr]    Compiling parking_lot_core v0.4.0
[INFO] [stderr]    Compiling quote v0.6.11
[INFO] [stderr]    Compiling syn v0.15.26
[INFO] [stderr]     Checking crossbeam-deque v0.6.3
[INFO] [stderr]     Checking rand_os v0.1.2
[INFO] [stderr]     Checking iovec v0.1.2
[INFO] [stderr]     Checking num_cpus v1.10.0
[INFO] [stderr]     Checking net2 v0.2.33
[INFO] [stderr]     Checking socket2 v0.3.8
[INFO] [stderr]     Checking rand v0.5.6
[INFO] [stderr]     Checking hostname v0.1.5
[INFO] [stderr]     Checking signal-hook v0.1.7
[INFO] [stderr]     Checking resolv-conf v0.6.2
[INFO] [stderr]     Checking bytes v0.4.11
[INFO] [stderr]     Checking mio v0.6.16
[INFO] [stderr]     Checking tokio-executor v0.1.6
[INFO] [stderr]     Checking tokio-sync v0.1.1
[INFO] [stderr]     Checking tokio-io v0.1.11
[INFO] [stderr]     Checking tokio-timer v0.2.10
[INFO] [stderr]     Checking tokio-current-thread v0.1.4
[INFO] [stderr]     Checking idna v0.1.5
[INFO] [stderr]     Checking tokio-codec v0.1.1
[INFO] [stderr]     Checking mio-uds v0.6.7
[INFO] [stderr]     Checking uuid v0.7.2
[INFO] [stderr]     Checking url v1.7.2
[INFO] [stderr]     Checking parking_lot v0.7.1
[INFO] [stderr]     Checking tokio-reactor v0.1.8
[INFO] [stderr]     Checking crossbeam v0.6.0
[INFO] [stderr]     Checking tokio-threadpool v0.1.11
[INFO] [stderr]     Checking tokio-tcp v0.1.3
[INFO] [stderr]     Checking tokio-udp v0.1.3
[INFO] [stderr]     Checking tokio-uds v0.2.5
[INFO] [stderr]     Checking tokio-signal v0.2.7
[INFO] [stderr]     Checking tokio-fs v0.1.5
[INFO] [stderr]     Checking tokio v0.1.15
[INFO] [stderr]    Compiling synstructure v0.10.1
[INFO] [stderr]    Compiling actix_derive v0.3.2
[INFO] [stderr]     Checking failure v0.1.5
[INFO] [stderr]     Checking trust-dns-proto v0.6.3
[INFO] [stderr]     Checking trust-dns-proto v0.5.0
[INFO] [stderr]     Checking trust-dns-resolver v0.10.3
[INFO] [stderr]     Checking actix v0.7.9
[INFO] [stderr]     Checking macro-bug v0.1.0 (/opt/rustwide/workdir)
[INFO] [stdout] error[E0424]: expected value, found module `self`
[INFO] [stdout]   --> src/lighting_impl.rs:35:28
[INFO] [stdout]    |
[INFO] [stdout] 35 |                   let addr = self
[INFO] [stdout]    |                              ^^^^ `self` value is a keyword only available in methods with a `self` parameter
[INFO] [stdout]    | 
[INFO] [stdout]   ::: src/misc.rs:33:13
[INFO] [stdout]    |
[INFO] [stdout] 33 | /             fn handle(&mut self, msg: $name, ctx: &mut Context<Self>) -> Self::Result {
[INFO] [stdout] 34 | |                 let $name { $($arg,)* } = msg;
[INFO] [stdout] 35 | |                 $code
[INFO] [stdout] 36 | |             }
[INFO] [stdout]    | |_____________- this function has a `self` parameter, but a macro invocation can only access identifiers it receives from parameters
[INFO] [stdout] 
[INFO] [stdout] 
[INFO] [stdout] error[E0425]: cannot find value `ctx` in this scope
[INFO] [stdout]   --> src/lighting_impl.rs:38:47
[INFO] [stdout]    |
[INFO] [stdout] 38 |                     .or_insert(LightImpl::new(ctx.address(), index));
[INFO] [stdout]    |                                               ^^^ not found in this scope
[INFO] [stdout] 
[INFO] [stdout] 
[INFO] [stdout] error[E0424]: expected value, found module `self`
[INFO] [stdout]   --> src/lighting_impl.rs:35:28
[INFO] [stdout]    |
[INFO] [stdout] 35 |                   let addr = self
[INFO] [stdout]    |                              ^^^^ `self` value is a keyword only available in methods with a `self` parameter
[INFO] [stdout]    | 
[INFO] [stdout]   ::: src/misc.rs:33:13
[INFO] [stdout]    |
[INFO] [stdout] 33 | /             fn handle(&mut self, msg: $name, ctx: &mut Context<Self>) -> Self::Result {
[INFO] [stdout] 34 | |                 let $name { $($arg,)* } = msg;
[INFO] [stdout] 35 | |                 $code
[INFO] [stdout] 36 | |             }
[INFO] [stdout]    | |_____________- this function has a `self` parameter, but a macro invocation can only access identifiers it receives from parameters
[INFO] [stdout] 
[INFO] [stdout] 
[INFO] [stdout] error[E0425]: cannot find value `ctx` in this scope
[INFO] [stdout]   --> src/lighting_impl.rs:38:47
[INFO] [stdout]    |
[INFO] [stdout] 38 |                     .or_insert(LightImpl::new(ctx.address(), index));
[INFO] [stdout]    |                                               ^^^ not found in this scope
[INFO] [stdout] 
[INFO] [stdout] 
[INFO] [stdout] error: aborting due to 2 previous errors
[INFO] [stdout] 
[INFO] [stdout] 
[INFO] [stdout] Some errors have detailed explanations: E0424, E0425.
[INFO] [stdout] 
[INFO] [stdout] For more information about an error, try `rustc --explain E0424`.
[INFO] [stdout] 
[INFO] [stderr] error: could not compile `macro-bug`.
[INFO] [stderr] 
[INFO] [stderr] To learn more, run the command again with --verbose.
[INFO] [stderr] warning: build failed, waiting for other jobs to finish...
[INFO] [stdout] error: aborting due to 2 previous errors
[INFO] [stdout] 
[INFO] [stdout] 
[INFO] [stdout] Some errors have detailed explanations: E0424, E0425.
[INFO] [stdout] 
[INFO] [stdout] For more information about an error, try `rustc --explain E0424`.
[INFO] [stdout] 
[INFO] [stderr] error: build failed
[INFO] running `Command { std: "docker" "inspect" "df2dffc286e4005f935f8552ad8576deb55a66eabc3ae551758065f5856d14af", kill_on_drop: false }`
[INFO] running `Command { std: "docker" "rm" "-f" "df2dffc286e4005f935f8552ad8576deb55a66eabc3ae551758065f5856d14af", kill_on_drop: false }`
[INFO] [stdout] df2dffc286e4005f935f8552ad8576deb55a66eabc3ae551758065f5856d14af
